8?
216
Calculate the remainder when 25719 is divided by 4270.
99
Calculate the remainder when 1558060 is divided by 389515.
0
Calculate the remainder when 184 is divided by 56.
16
Calculate the remainder when 58988 is divided by 9831.
2
Calculate the remainder when 17854 is divided by 474.
316
What is the remainder when 1125465 is divided by 108?
105
Calculate the remainder when 193700 is divided by 46.
40
Calculate the remainder when 1410 is divided by 904.
506
Calculate the remainder when 845 is divided by 27.
8
What is the remainder when 11172 is divided by 2762?
124
What is the remainder when 136704 is divided by 120?
24
What is the remainder when 35431 is divided by 47?
40
What is the remainder when 91982 is divided by 210?
2
What is the remainder when 25987 is divided by 445?
177
Calculate the remainder when 24582 is divided by 40.
22
Calculate the remainder when 9013 is divided by 44.
37
Calculate the remainder when 24606 is divided by 32.
30
Calculate the remainder when 387220 is divided by 213.
199
Calculate the remainder when 902310 is divided by 86.
84
What is the remainder when 63026 is divided by 15750?
26
Calculate the remainder when 14011 is divided by 4661.
28
What is the remainder when 25821 is divided by 5158?
31
Calculate the remainder when 116857 is divided by 116833.
24
What is the remainder when 2599 is divided by 143?
25
What is the remainder when 25502 is divided by 1592?
30
Calculate the remainder when 25008 is divided by 3567.
39
What is the remainder when 586 is divided by 70?
26
Calculate the remainder when 244976 is divided by 81626.
98
Calculate the remainder when 43808 is divided by 1510.
18
What is the remainder when 17286 is divided by 9?
6
What is the remainder when 3381 is divided by 135?
6
Calculate the remainder when 7507 is divided by 305.
187
Calculate the remainder when 24929 is divided by 478.
73
What is the remainder when 45406 is divided by 24?
22
Calculate the remainder when 668742 is divided by 77.
74
What is the remainder when 20015 is divided by 1053?
8
Calculate the remainder when 7647 is divided by 11.
2
What is the remainder when 4294 is divided by 449?
253
What is the remainder when 1046 is divided by 477?
92
Calculate the remainder when 2542 is divided by 52.
46
What is the remainder when 60125 is divided by 266?
9
Calculate the remainder when 106203 is divided by 19.
12
What is the remainder when 138086 is divided by 411?
401
What is the remainder when 58748 is divided by 14676?
44
Calculate the remainder when 24808 is divided by 6188.
56
What is the remainder when 76782 is divided by 38388?
6
What is the remainder when 835276 is divided by 16?
12
What is the remainder when 118688 is divided by 9?
5
Calculate the remainder when 82162 is divided by 6.
4
What is the remainder when 3071 is divided by 95?
31
What is the remainder when 12959 is divided by 2149?
65
What is the remainder when 1014 is divided by 146?
138
Calculate the remainder when 1360791 is divided by 1350.
1341
Calculate the remainder when 15258 is divided by 105.
33
What is the remainder when 12529 is divided by 3130?
9
What is the remainder when 295 is divided by 107?
81
Calculate the remainder when 6616 is divided by 9.
1
What is the remainder when 1838675 is divided by 84?
83
Calculate the remainder when 63364 is divided by 3333.
37
Calculate the remainder when 16801 is divided by 673.
649
Calculate the remainder when 7811 is divided by 130.
11
What is the remainder when 4562 is divided by 2090?
382
Calculate the remainder when 29075 is divided by 75.
50
What is the remainder when 924 is divided by 3?
0
What is the remainder when 26355 is divided by 6568?
83
Calculate the remainder when 497002 is divided by 166.
164
Calculate the remainder when 599720 is divided by 35275.
45
What is the remainder when 12144 is divided by 276?
0
What is the remainder when 136342 is divided by 76?
74
Calculate the remainder when 121573 is divided by 52.
49
Calculate the remainder when 8626 is divided by 191.
31
Calculate the remainder when 3542 is divided by 58.
4
What is the remainder when 17091 is divided by 16?
3
What is the remainder when 695 is divided by 6?
5
What is the remainder when 78747 is divided by 15?
12
What is the remainder when 2977197 is divided by 744297?
9
What is the remainder when 250 is divided by 57?
22
Calculate the remainder when 978 is divided by 268.
174
Calculate the remainder when 2074 is divided by 520.
514
Calculate the remainder when 198950 is divided by 249.
248
What is the remainder when 3827 is divided by 516?
215
Calculate the remainder when 13535 is divided by 1502.
17
Calculate the remainder when 354815 is divided by 288.
287
Calculate the remainder when 21911 is divided by 29.
16
Calculate the remainder when 361193 is divided by 21.
14
What is the remainder when 75877 is divided by 37937?
3
Calculate the remainder when 664 is divided by 166.
0
Calculate the remainder when 41228 is divided by 589.
587
Calculate the remainder when 5177 is divided by 111.
71
Calculate the remainder when 78759 is divided by 445.
439
What is the remainder when 31881 is divided by 125?
6
What is the remainder when 14441 is divided by 388?
85
What is the remainder when 1661 is divided by 128?
125
Calculate the remainder when 13016 is divided by 6377.
262
Calculate the remainder when 35767 is divided by 66.
61
Calculate the remainder when 57797 is divided by 27.
17
Calculate the remainder when 7745 is divided by 74.
49
What is the remainder when 59517 is divided by 519?
351
What is the remainder when 1499 is divided by 600?
299
Calculate the remainder when 10597 is divided by 950.
147
What is the remainder when 70853 is divided by 98?
97
Calculate the remainder when 704913 is divided by 117485.
3
Calculate the remainder when 4444 is divided by 277.
12
Calculate the remainder when 13873 is divided by 2703.
358
What is the remainder when 3984 is divided by 107?
25
What is the remainder when 183929 is divided by 28?
25
Calculate the remainder when 9087 is divided by 21.
15
What is the remainder when 19157 is divided by 2128?
5
What is the remainder when 451 is divided by 364?
87
What is the remainder when 382317 is divided by 180?
177
Calculate the remainder when 92126 is divided by 261.
254
Calculate the remainder when 5415 is divided by 825.
465
Calculate the remainder when 64086 is divided by 10679.
12
What is the remainder when 1354 is divided by 712?
642
What is the remainder when 183023 is divided by 144?
143
Calculate the remainder when 49708 is divided by 888.
868
What is the remainder when 15951 is divided by 3561?
1707
What is the remainder when 114350 is divided by 44?
38
What is the remainder when 128278 is divided by 35?
3
Calculate the remainder when 910 is divided by 278.
76
What is the remainder when 4920 is divided by 1901?
1118
What is the remainder when 442 is divided by 212?
18
What is the remainder when 5369 is divided by 173?
6
Calculate the remainder when 1942701 is divided by 18.
15
Calculate the remainder when 302400 is divided by 240.
0
Calculate the remainder when 1291017 is divided by 79.
78
Calculate the remainder when 3633 is divided by 319.
124
Calculate the remainder when 78123 is divided by 188.
103
Calculate the remainder when 11024 is divided by 10859.
165
What is the remainder when 218559 is divided by 72847?
18
Calculate the remainder when 2444 is divided by 151.
28
What is the remainder when 7922 is divided by 12?
2
What is the remainder when 10863 is divided by 151?
142
Calculate the remainder when 2051 is divided by 4.
3
Calculate the remainder when 3463 is divided by 497.
481
Calculate the remainder when 26931 is divided by 297.
201
What is the remainder when 123574 is divided by 25?
24
Calculate the remainder when 63328 is divided by 24.
16
What is the remainder when 10500 is divided by 2094?
30
What is the remainder when 1532 is divided by 83?
38
What is the remainder when 341345 is divided by 41?
20
Calculate the remainder when 4493 is divided by 114.
47
Calculate the remainder when 31274 is divided by 1117.
1115
What is the remainder when 64652 is divided by 193?
190
What is the remainder when 12053 is divided by 245?
48
What is the remainder when 1045497 is divided by 15?
12
What i